{"id":2104,"date":"2020-12-08T13:20:17","date_gmt":"2020-12-08T11:20:17","guid":{"rendered":"https:\/\/biometrie.usv.ro\/?page_id=2104"},"modified":"2021-09-15T17:41:55","modified_gmt":"2021-09-15T15:41:55","slug":"echipamente","status":"publish","type":"page","link":"https:\/\/biometrie.usv.ro\/?page_id=2104","title":{"rendered":"Echipamente"},"content":{"rendered":"<div class=\"wpb-content-wrapper\">[vc_row css=&#8221;.vc_custom_1591337913376{padding-top: 90px !important;}&#8221;][vc_column width=&#8221;1\/4&#8243; css=&#8221;.vc_custom_1521629459355{padding-top: 0px !important;background-image: url(https:\/\/livewp.site\/wp\/md\/wizeedu\/wp-content\/uploads\/sites\/13\/2017\/02\/logo.png?id=11) !important;background-position: 0 0 !important;background-repeat: no-repeat !important;}&#8221;][gt3_custom_text text_color=&#8221;#a22531&#8243; font_size=&#8221;18&#8243; use_theme_fonts=&#8221;&#8221; google_fonts_text=&#8221;font_family:Montserrat%3Aregular%2C700|font_style:700%20bold%20regular%3A700%3Anormal&#8221;]<strong>Echipamente de laborator<\/strong>[\/gt3_custom_text][gt3_spacing height=&#8221;25px&#8221;][vc_column_text]\r\n<ul>\r\n \t<li>Densitometru cu raze X &#8211; ITRAX multiscanner &#8211; COX Analytical Systems<\/li>\r\n \t<li>SlideScanner 3D Histech-Panoramic MIDI2<\/li>\r\n \t<li>2 x Digital pozi\u021biometre LINTAB 6<\/li>\r\n \t<li>Scanner de \u00eenalt\u0103 rezolu\u021bie EPSON 11000XL<\/li>\r\n \t<li>Scanner de \u00eenalt\u0103 rezolu\u021bie Microtek 9800XL plus<\/li>\r\n \t<li>WSL Lab microtome<\/li>\r\n \t<li>WSL Core microtome<\/li>\r\n \t<li>Rotary Microtome &#8211; Microme HM 340E<\/li>\r\n \t<li>Microscop Olympus CX43<\/li>\r\n \t<li>Stereomicroscop Olympus\u00a0 SZ61TR<\/li>\r\n \t<li>Sistem de m\u0103surare a unghiul fibrei compus din: mas\u0103 gradata, stereomicroscop Optika<\/li>\r\n \t<li>2 x Sistem soxhlet 3000\/2000 cu mantale de \u00eenc\u0103lzire<\/li>\r\n \t<li>Etuva BioBase 150L<\/li>\r\n \t<li>Cuptor de calcinare<\/li>\r\n \t<li>Echipamente de monitorizare \u0219i control a mediului interior (Sistem de climatizare, Sistem evacuare noxe, Termohigrometru)<\/li>\r\n \t<li>Componente IT\u00a0 (workstations, imprimante, laptop-uri)<\/li>\r\n<\/ul>\r\n[\/vc_column_text][gt3_spacing height=&#8221;35px&#8221; responsive_es=&#8221;true&#8221; height_mobile=&#8221;75&#8243;][\/vc_column][vc_column width=&#8221;1\/4&#8243;][gt3_custom_text text_color=&#8221;#a22531&#8243; font_size=&#8221;18&#8243; use_theme_fonts=&#8221;&#8221; google_fonts_text=&#8221;font_family:Montserrat%3Aregular%2C700|font_style:700%20bold%20regular%3A700%3Anormal&#8221;]\r\n<h3><strong>Echipamente de teren<\/strong><\/h3>\r\n[\/gt3_custom_text][gt3_spacing height=&#8221;25px&#8221;][vc_column_text]\r\n<ul>\r\n \t<li>2 x Sisteme inventariere Field Map<\/li>\r\n \t<li>Tablet\u0103 de teren Getac<\/li>\r\n \t<li>Tablet\u0103 de teren WinMate M700D<\/li>\r\n \t<li>Tomograf pentru arbori ARBOTOM + ARBORADIX<\/li>\r\n \t<li>Vertex IV<\/li>\r\n \t<li>Vertex 5 VL<\/li>\r\n \t<li>Criterion RD 1000<\/li>\r\n \t<li>Busol\u0103 electronic\u0103 TruPulse 360R<\/li>\r\n \t<li>50 x Burghie Pressler \u00d85mm (400-800mm)<\/li>\r\n \t<li>6 x Burghie Pressler \u00d810-12mm (400-800mm)<\/li>\r\n \t<li>Burghiu Trephor<\/li>\r\n \t<li>2 x Burghie lemn mort\/arheologic<\/li>\r\n \t<li>Clupe forestiere<\/li>\r\n \t<li>Clup\u0103 informatizat\u0103 Haglof<\/li>\r\n \t<li>Sta\u021bii emisie\/recep\u021bie &#8211; Motorola<\/li>\r\n \t<li>2 x GPS Trimble Handheld-data collector<\/li>\r\n \t<li>GPS de orientare Garmin<\/li>\r\n \t<li>Drona DJI Phantom 3 Pro<\/li>\r\n \t<li>Sta\u021bie meteo<\/li>\r\n \t<li>Autolaborator Dacia Duster 4&#215;4<\/li>\r\n \t<li>Fier\u0103straie manuale<\/li>\r\n \t<li>Fier\u0103straie mecanice + echipament protec\u021bie a muncii, canistre combustibil, lan\u021buri \u0219i lame diferite dimensiuni<\/li>\r\n \t<li>Busole orientare &#8211; Sunto<\/li>\r\n<\/ul>\r\n[\/vc_column_text][gt3_spacing height=&#8221;90px&#8221;][\/vc_column][vc_column width=&#8221;1\/4&#8243;][gt3_custom_text text_color=&#8221;#a22531&#8243; font_size=&#8221;18&#8243; use_theme_fonts=&#8221;&#8221; google_fonts_text=&#8221;font_family:Montserrat%3Aregular%2C700|font_style:700%20bold%20regular%3A700%3Anormal&#8221;]\r\n<h3><strong>Echipamente tehnice<\/strong><\/h3>\r\n[\/gt3_custom_text][gt3_spacing height=&#8221;30px&#8221;][vc_column_text]\r\n<ul>\r\n \t<li>Circular de precizie cu t\u0103iere dubl\u0103 &#8211; Dendrocut\u00a02003<\/li>\r\n \t<li>Banzic vertical Holzmann HBS400<\/li>\r\n \t<li>Ma\u0219in\u0103 de \u0219lefuit Holzmann HBS2000 cu insla\u021bie de exhaustare<\/li>\r\n \t<li>Ma\u0219in\u0103 universal\u0103 de t\u00e2mpl\u0103rie Holzzmann K5-260<\/li>\r\n \t<li>\u0218lefuitor orbinal Makita<\/li>\r\n \t<li>\u0218lefuitor cu band\u0103 Makita<\/li>\r\n \t<li>\u0218lefuitor 2 in 1 cu band\u0103 \u0219i disc\u00a0 &#8211; Bernardo<\/li>\r\n \t<li>Borma\u0219in\u0103 (cu fir) Metabo<\/li>\r\n \t<li>Borma\u0219in\u0103 cu acumulatori &#8211; Hilti 10W-22A<\/li>\r\n \t<li>Fierastr\u0103u circular de m\u00e2n\u0103 &#8211; Bosch<\/li>\r\n \t<li>Masin\u0103 de degro\u0219at &#8211; Metabo<\/li>\r\n \t<li>Rindea electric\u0103 &#8211; Bosch<\/li>\r\n \t<li>Fier\u0103str\u0103u de banc basculant &#8211; Bosch<\/li>\r\n \t<li>Fier\u0103str\u0103u pendular &#8211; Makita<\/li>\r\n \t<li>Masin\u0103 de g\u0103urit cu coloan\u0103 &#8211; Panzer<\/li>\r\n \t<li>Compresor aer Panzer<\/li>\r\n \t<li>Benzi abrazive diferite dimesiuni \u0219i granula\u021bii<\/li>\r\n<\/ul>\r\n[\/vc_column_text][gt3_spacing height=&#8221;90px&#8221;][\/vc_column][vc_column width=&#8221;1\/4&#8243;][gt3_custom_text text_color=&#8221;#a22531&#8243; font_size=&#8221;18&#8243; use_theme_fonts=&#8221;&#8221; google_fonts_text=&#8221;font_family:Montserrat%3Aregular%2C700|font_style:700%20bold%20regular%3A700%3Anormal&#8221;]\r\n<h3><strong>Programe informatice<\/strong><\/h3>\r\n[\/gt3_custom_text][gt3_spacing height=&#8221;30px&#8221;][vc_column_text]\r\n<ul>\r\n \t<li>2 x FieldMap Project Manager and Data Collector<\/li>\r\n \t<li>WinDendro &#8211; Density version<\/li>\r\n \t<li>WinCell<\/li>\r\n \t<li>Promicra &#8211; QuickPHOTO<\/li>\r\n \t<li>20 x TSAPwin &#8211; Scientific pack<\/li>\r\n \t<li>Cybis &#8211; CooRecorder &amp; CDendro<\/li>\r\n \t<li>Arbotom<\/li>\r\n \t<li>3D-Histech Panoramic Scanner<\/li>\r\n \t<li>ROXAS &#8211; Anatomie Cantitativ\u0103 a Lemnului<\/li>\r\n<\/ul>\r\n[\/vc_column_text][gt3_spacing height=&#8221;90px&#8221;][\/vc_column][\/vc_row]<\/div>","protected":false},"excerpt":{"rendered":"<p>[vc_row css=&#8221;.vc_custom_1591337913376{padding-top: 90px !important;}&#8221;][vc_column width=&#8221;1\/4&#8243; css=&#8221;.vc_custom_1521629459355{padding-top: 0px !important;background-image: url(https:\/\/livewp.site\/wp\/md\/wizeedu\/wp-content\/uploads\/sites\/13\/2017\/02\/logo.png?id=11) !important;background-position: 0 0 !important;background-repeat: no-repeat !important;}&#8221;][gt3_custom_text text_color=&#8221;#a22531&#8243; font_size=&#8221;18&#8243; use_theme_fonts=&#8221;&#8221; google_fonts_text=&#8221;font_family:Montserrat%3Aregular%2C700|font_style:700%20bold%20regular%3A700%3Anormal&#8221;]Echipamente de laborator[\/gt3_custom_text][gt3_spacing height=&#8221;25px&#8221;][vc_column_text] Densitometru cu raze X &#8211; ITRAX multiscanner &#8211; COX Analytical Systems SlideScanner 3D Histech-Panoramic MIDI2 2 x Digital pozi\u021biometre LINTAB 6 Scanner de \u00eenalt\u0103 rezolu\u021bie EPSON 11000XL Scanner de \u00eenalt\u0103 rezolu\u021bie Microtek 9800XL<\/p>\n","protected":false},"author":11,"featured_media":0,"parent":0,"menu_order":0,"comment_status":"closed","ping_status":"closed","template":"","meta":{"cybocfi_hide_featured_image":"","footnotes":""},"class_list":["post-2104","page","type-page","status-publish","hentry"],"yoast_head":"<!-- This site is optimized with the Yoast SEO plugin v27.3 - https:\/\/yoast.com\/product\/yoast-seo-wordpress\/ -->\n<title>Echipamente - Laborator Biometrie FS<\/title>\n<meta name=\"robots\" content=\"index, follow, max-snippet:-1, max-image-preview:large, max-video-preview:-1\" \/>\n<link rel=\"canonical\" href=\"https:\/\/biometrie.usv.ro\/?page_id=2104\" \/>\n<meta property=\"og:locale\" content=\"en_US\" \/>\n<meta property=\"og:type\" content=\"article\" \/>\n<meta property=\"og:title\" content=\"Echipamente - Laborator Biometrie FS\" \/>\n<meta property=\"og:description\" content=\"[vc_row css=&#8221;.vc_custom_1591337913376{padding-top: 90px !important;}&#8221;][vc_column width=&#8221;1\/4&#8243; css=&#8221;.vc_custom_1521629459355{padding-top: 0px !important;background-image: url(https:\/\/livewp.site\/wp\/md\/wizeedu\/wp-content\/uploads\/sites\/13\/2017\/02\/logo.png?id=11) !important;background-position: 0 0 !important;background-repeat: no-repeat !important;}&#8221;][gt3_custom_text text_color=&#8221;#a22531&#8243; font_size=&#8221;18&#8243; use_theme_fonts=&#8221;&#8221; google_fonts_text=&#8221;font_family:Montserrat%3Aregular%2C700|font_style:700%20bold%20regular%3A700%3Anormal&#8221;]Echipamente de laborator[\/gt3_custom_text][gt3_spacing height=&#8221;25px&#8221;][vc_column_text] Densitometru cu raze X &#8211; ITRAX multiscanner &#8211; COX Analytical Systems SlideScanner 3D Histech-Panoramic MIDI2 2 x Digital pozi\u021biometre LINTAB 6 Scanner de \u00eenalt\u0103 rezolu\u021bie EPSON 11000XL Scanner de \u00eenalt\u0103 rezolu\u021bie Microtek 9800XL\" \/>\n<meta property=\"og:url\" content=\"https:\/\/biometrie.usv.ro\/?page_id=2104\" \/>\n<meta property=\"og:site_name\" content=\"Laborator Biometrie FS\" \/>\n<meta property=\"article:modified_time\" content=\"2021-09-15T15:41:55+00:00\" \/>\n<meta name=\"twitter:card\" content=\"summary_large_image\" \/>\n<meta name=\"twitter:label1\" content=\"Est. reading time\" \/>\n\t<meta name=\"twitter:data1\" content=\"2 minutes\" \/>\n<script type=\"application\/ld+json\" class=\"yoast-schema-graph\">{\"@context\":\"https:\\\/\\\/schema.org\",\"@graph\":[{\"@type\":\"WebPage\",\"@id\":\"https:\\\/\\\/biometrie.usv.ro\\\/?page_id=2104\",\"url\":\"https:\\\/\\\/biometrie.usv.ro\\\/?page_id=2104\",\"name\":\"Echipamente - Laborator Biometrie FS\",\"isPartOf\":{\"@id\":\"https:\\\/\\\/biometrie.usv.ro\\\/#website\"},\"datePublished\":\"2020-12-08T11:20:17+00:00\",\"dateModified\":\"2021-09-15T15:41:55+00:00\",\"breadcrumb\":{\"@id\":\"https:\\\/\\\/biometrie.usv.ro\\\/?page_id=2104#breadcrumb\"},\"inLanguage\":\"en-US\",\"potentialAction\":[{\"@type\":\"ReadAction\",\"target\":[\"https:\\\/\\\/biometrie.usv.ro\\\/?page_id=2104\"]}]},{\"@type\":\"BreadcrumbList\",\"@id\":\"https:\\\/\\\/biometrie.usv.ro\\\/?page_id=2104#breadcrumb\",\"itemListElement\":[{\"@type\":\"ListItem\",\"position\":1,\"name\":\"Home\",\"item\":\"https:\\\/\\\/biometrie.usv.ro\\\/\"},{\"@type\":\"ListItem\",\"position\":2,\"name\":\"Echipamente\"}]},{\"@type\":\"WebSite\",\"@id\":\"https:\\\/\\\/biometrie.usv.ro\\\/#website\",\"url\":\"https:\\\/\\\/biometrie.usv.ro\\\/\",\"name\":\"Laborator Biometrie FS\",\"description\":\"\",\"potentialAction\":[{\"@type\":\"SearchAction\",\"target\":{\"@type\":\"EntryPoint\",\"urlTemplate\":\"https:\\\/\\\/biometrie.usv.ro\\\/?s={search_term_string}\"},\"query-input\":{\"@type\":\"PropertyValueSpecification\",\"valueRequired\":true,\"valueName\":\"search_term_string\"}}],\"inLanguage\":\"en-US\"}]}<\/script>\n<!-- \/ Yoast SEO plugin. -->","yoast_head_json":{"title":"Echipamente - Laborator Biometrie FS","robots":{"index":"index","follow":"follow","max-snippet":"max-snippet:-1","max-image-preview":"max-image-preview:large","max-video-preview":"max-video-preview:-1"},"canonical":"https:\/\/biometrie.usv.ro\/?page_id=2104","og_locale":"en_US","og_type":"article","og_title":"Echipamente - Laborator Biometrie FS","og_description":"[vc_row css=&#8221;.vc_custom_1591337913376{padding-top: 90px !important;}&#8221;][vc_column width=&#8221;1\/4&#8243; css=&#8221;.vc_custom_1521629459355{padding-top: 0px !important;background-image: url(https:\/\/livewp.site\/wp\/md\/wizeedu\/wp-content\/uploads\/sites\/13\/2017\/02\/logo.png?id=11) !important;background-position: 0 0 !important;background-repeat: no-repeat !important;}&#8221;][gt3_custom_text text_color=&#8221;#a22531&#8243; font_size=&#8221;18&#8243; use_theme_fonts=&#8221;&#8221; google_fonts_text=&#8221;font_family:Montserrat%3Aregular%2C700|font_style:700%20bold%20regular%3A700%3Anormal&#8221;]Echipamente de laborator[\/gt3_custom_text][gt3_spacing height=&#8221;25px&#8221;][vc_column_text] Densitometru cu raze X &#8211; ITRAX multiscanner &#8211; COX Analytical Systems SlideScanner 3D Histech-Panoramic MIDI2 2 x Digital pozi\u021biometre LINTAB 6 Scanner de \u00eenalt\u0103 rezolu\u021bie EPSON 11000XL Scanner de \u00eenalt\u0103 rezolu\u021bie Microtek 9800XL","og_url":"https:\/\/biometrie.usv.ro\/?page_id=2104","og_site_name":"Laborator Biometrie FS","article_modified_time":"2021-09-15T15:41:55+00:00","twitter_card":"summary_large_image","twitter_misc":{"Est. reading time":"2 minutes"},"schema":{"@context":"https:\/\/schema.org","@graph":[{"@type":"WebPage","@id":"https:\/\/biometrie.usv.ro\/?page_id=2104","url":"https:\/\/biometrie.usv.ro\/?page_id=2104","name":"Echipamente - Laborator Biometrie FS","isPartOf":{"@id":"https:\/\/biometrie.usv.ro\/#website"},"datePublished":"2020-12-08T11:20:17+00:00","dateModified":"2021-09-15T15:41:55+00:00","breadcrumb":{"@id":"https:\/\/biometrie.usv.ro\/?page_id=2104#breadcrumb"},"inLanguage":"en-US","potentialAction":[{"@type":"ReadAction","target":["https:\/\/biometrie.usv.ro\/?page_id=2104"]}]},{"@type":"BreadcrumbList","@id":"https:\/\/biometrie.usv.ro\/?page_id=2104#breadcrumb","itemListElement":[{"@type":"ListItem","position":1,"name":"Home","item":"https:\/\/biometrie.usv.ro\/"},{"@type":"ListItem","position":2,"name":"Echipamente"}]},{"@type":"WebSite","@id":"https:\/\/biometrie.usv.ro\/#website","url":"https:\/\/biometrie.usv.ro\/","name":"Laborator Biometrie FS","description":"","potentialAction":[{"@type":"SearchAction","target":{"@type":"EntryPoint","urlTemplate":"https:\/\/biometrie.usv.ro\/?s={search_term_string}"},"query-input":{"@type":"PropertyValueSpecification","valueRequired":true,"valueName":"search_term_string"}}],"inLanguage":"en-US"}]}},"_links":{"self":[{"href":"https:\/\/biometrie.usv.ro\/index.php?rest_route=\/wp\/v2\/pages\/2104","targetHints":{"allow":["GET"]}}],"collection":[{"href":"https:\/\/biometrie.usv.ro\/index.php?rest_route=\/wp\/v2\/pages"}],"about":[{"href":"https:\/\/biometrie.usv.ro\/index.php?rest_route=\/wp\/v2\/types\/page"}],"author":[{"embeddable":true,"href":"https:\/\/biometrie.usv.ro\/index.php?rest_route=\/wp\/v2\/users\/11"}],"replies":[{"embeddable":true,"href":"https:\/\/biometrie.usv.ro\/index.php?rest_route=%2Fwp%2Fv2%2Fcomments&post=2104"}],"version-history":[{"count":0,"href":"https:\/\/biometrie.usv.ro\/index.php?rest_route=\/wp\/v2\/pages\/2104\/revisions"}],"wp:attachment":[{"href":"https:\/\/biometrie.usv.ro\/index.php?rest_route=%2Fwp%2Fv2%2Fmedia&parent=2104"}],"curies":[{"name":"wp","href":"https:\/\/api.w.org\/{rel}","templated":true}]}}